culate -46 - (47 - (-85 - -160)).
-18
Evaluate -46 + (33 - (4 - -4)).
-21
What is 11 + (7 - (7 - -12) - (2 + 44))?
-47
What is -9 + 35 + -18 + -47?
-39
Evaluate (7 - 3 - 54 - (0 - (-1 - -3))) + 1.
-47
Calculate -60 - (-26 + 168 + -106).
-96
What is the value of (31 - (16 - -12)) + -28 + -3 + 16?
-12
What is the value of 1 + -2 + 3 - (45 + -12 + -18 + 59)?
-72
What is 4 - (-74 + (23 - 4 - 9))?
68
What is (-8 - -1) + (54 - (-12 + 10 + (8 - 10)))?
51
Calculate -46 + (11 + -18 - (-2 + 0 + -8)).
-43
Evaluate (-2 - 68) + (6 - (24 + -10) - 1).
-79
What is the value of 3 + -84 + (-322 + 314 - (-15 + -1))?
-73
What is 20 + -54 + 15 - (40 + -11)?
-48
Calculate 54 + (-2 - (0 + 0 + 11 + -6)).
47
What is the value of -14 + (-9 - (-15 + -34 + 20))?
6
What is the value of -4 + -17 + -24 + -10 + (27 - 3)?
-31
What is 65 + -232 + 169 + 56?
58
What is the value of (31 - -57) + -41 - -9?
56
-196 + 161 - ((0 - 4 - -18) + -1)
-48
Calculate -43 + -1 - (-5 + 31 - -2 - 18).
-54
Calculate 7 + -29 + 52 - 52 - 43.
-65
What is the value of (27 - (-1 - -2)) + (8247 - 8220)?
53
What is the value of -2627 + 2530 + 2 + 90?
-5
Evaluate (147 - 123) + (6 - 10 - 1).
19
What is the value of -1 + -9 + 6 + 8 + (3 + -1 - 1)?
5
Calculate -19 + (35 - (-46 + 34)) + -74.
-46
What is (0 - 0 - (-203 - -199)) + 26?
30
What is the value of (24 - (-7 + 7 + 3)) + (8 - 4)?
25
What is the value of (-91 + -120 - -58) + 97?
-56
(6 + 6 - (15 - -2)) + 2 + 6 - -60
63
Calculate (4 - (2 - -6)) + 3 + (10 + -43 - -24).
-10
Calculate (-397 - -391) + 0 + 1 + (1 - -28).
24
What is (13 + 7 + -9 - -24) + -2 - -12 - 4?
41
What is (-36 - 10 - -60) + 2 + 1 + (-88 - 0)?
-71
Calculate 125 + -112 + (-4 - ((2 - 3) + -20)).
30
What is (3 - -11 - -9) + 36 + -79?
-20
(-21 - 0) + 65 + -53 + 9 - (69 + -3)
-66
Evaluate -34 + 22 + -13 + -14 + 27.
-12
What is -75 + 1 + 1 + 4 + 15?
-54
(-1 - 6) + 79 - (-2 + 5 + 17 - 9)
61
Evaluate -230 + 325 - 90 - (-54 + 1 - (-2 - 0)).
56
Calculate -17 + (58 - 48) + -36.
-43
What is 0 + -126 - (-8854 + 8822)?
-94
Calculate (6 - (77 + 3 + -1)) + (305 - 298).
-66
2 - 90 - (-17 + 215 + -232)
-54
-24 + 20 + -1 + (-8 - 1 - 1)
-15
What is the value of 270 - 268 - (1 - 1) - (-7 - -6 - -32)?
-29
Calculate 16 + -11 + 39 + -45.
-1
What is the value of 11 - (-13 + (73 - 34))?
-15
What is -13 - (53 + -75 - (1 + 22))?
32
What is (46 - 63 - -36) + 15 + 3?
37
Evaluate 0 + -11 + -4 - (-11 - (-4 + 5 + 4)).
1
Calculate 237 + -354 - (11 - 107).
-21
What is the value of -72 + 90 + (-3 - 5 - 24)?
-14
Evaluate 12 + (8 - 1 - -1 - (-706 - -698)).
28
What is the value of -8 + 66 + (5 - ((4 - 2) + 3 - -3))?
55
Calculate 1 - 5 - (-68 - (5 - 46)) - 113.
-90
Calculate 2 + 49 + 161 + -185 + (1 - -6).
34
Calculate 5 - (24 + -8 + (-19 - (-11 + -3))).
-6
27 + 64 + -100 + 34
25
What is 2 - (-12 + 50 + (-10 - -16))?
-42
7 + 52 + -12 + (-1 - -2) + -10
38
12 - ((-77 - (10 + -5)) + 14 + 10)
70
What is the value of (1 - -51 - 92) + 8?
-32
-78 - ((-58 - 11) + 42)
-51
What is the value of -6 + 6 - -29 - -7?
36
Calculate -26 + 40 - (4 + -6 + 70).
-54
What is the value of -50 + 2 - (28 + -8 - (-9 - -10))?
-67
What is 8 + -4 - (-16 - (-14 + (9 - 24)))?
-9
Calculate (-67 - (-25 - 58)) + -46.
-30
116 - (-33 + 147 + -23)
25
Calculate -63 - (-61 - (-10 - 9)).
-21
0 - ((-1 - -8) + -55 + 43)
5
What is 24 + 53 + (-110 - -37)?
4
Evaluate -423 + 336 - (-16 + -3).
-68
What is the value of 2 + -42 + -103 + 174?
31
Calculate -88 + (95 - (15 + 78)).
-86
6 - ((13 - 9) + (9 - 6)) - (-35 + -2)
36
What is -11 + (-21 - -15) + -9 + 21 - 44?
-49
Calculate (72 - (30 + -12)) + -3 + 0 + -5 - 10.
36
Evaluate -10 - (-55 + 39 - -17) - (-11 + 1).
-1
Calculate (1327 - 1301) + 0 + -12.
14
What is the value of 8 + 0 + -5 - (-123 - -98)?
28
What is 0 + (64 - 6) + 380 + -369?
69
3 + (41 - -2) + (167 - 173)
40
-7 - (-11 - (-140 - ((7 - 0) + -17 + 0)))
-126
What is 1 + (62 - (2 - 4)) + (6 - -27) + -26?
72
-2 - 1 - ((23 + 2 - 48) + 65)
-45
Calculate (-29 - 0 - (414 + -360)) + 8 + 0.
-75
(-2 - 33 - (-7 - -2)) + -43 + (77 - 38)
-34
Evaluate -3 + (-57 - ((9 - 9) + 11 + -24)).
-47
What is the value of -43 + 77 + 22 - (4 + -4 + -2 + 9)?
49
What is (2 - (-20 + 31)) + -9?
-18
What is -12 + -1 + -13 + 11 + 3 - 10?
-22
Evaluate 100 + -31 + 10 + -20.
59
What is the value of -3 + 27 + (7 - (42 - 16))?
5
Evaluate (-5 - 18) + 33 + -1 - -18.
27
Calculate -5 - (-23 - (-12 + 4) - -33).
-23
Evaluate 0 + 3 - (3 + 34 - 42) - (4 - -99).
-95
What is -20 + (58 - (33 - 30))?
35
Evaluate (-18 + -25 + 13 - -38) + (-50 - 2 - 0).
-44
54 + -52 + 34 - (11 + 2)
23
-2 + -144 - (-816 + 712)
-42
Evaluate (-38 - -80) + (-15 - 33).
-6
22 + -39 - (20 + -21 + -52)
36
What is 6 + -23 + 4 - (39 - 145) - 20?
73
What is the value of -2 - (58 - (10 + 2 - 16 - 3))?
-67
What is -10 + 0 + -745 + 611 + (12 - 8)?
-140
Evaluate -15 + -47 + 55 + -28 + (-4 - (1 - 4)).
-36
What is the value of -86 - -25 - (-61 + 29)?
-29
(43 - (59 + -6)) + 16 + 1 + -1
6
Calculate 83 + -1 + 62 + (-45 - -3) + -3.
99
13 - ((22 - 1) + (161 - 141))
-28
What is (-127 + 56 - -7) + 1 + 23?
-40
What is -58 + 9 - ((-115 - -76) + 14)?
-24
(15 - 14) + 8 + -32 + 3 + -15
-35
What is the value of 102 - (32 - 31 - -46)?
55
Calculate -62 + 92 - ((1 - 6 - 2) + 1).
36
Evaluate -22 + (-6 - -8 - -5) + 156 + -133.
8
Calculate 8 + (3 - -8 - (-20 + 44)).
-5
-9 + (-1 + -19 - -36) + -5 + -36
-34
What is 1 - -10 - ((-32 - 3) + 4 + 5 + -1)?
38
Calculate 3 + 17 + (-12 - (38 - 17)) + 34 + -1.
20
(7 + 6 - -8) + -6 + -8
7
0 + -24 + 23 + -9 + 13 + (97 - -1)
101
What is 63 + (10 - 83) + -5?
-15
What is 10 + 5 + -29 + 23 + -7?
2
What is -7 - 0 - (-2 - -64 - (380 + -314))?
-3
Evaluate 108 + -146 + 17 + 3 + -12.
-30
What is -3 + 57 + (-1377 - -1302)?
-21
-24 + 23 + -18 + 23 - 52
-48
What is the value of (-73 - -64) + -11 + -12?
-32
What is -122 + 165 + -10 + 3?
36
What is 121 + (-3 - 8 - (6 - (-4 + 14))) + 4?
118
What is the value of 11 + (-8 - 39) + 52?
16
Calculate -36 - (-39 + (18 - 20)).
5
What is (73 - 30) + (-12 - 15) + 66?
82
-30 + (-45 + 35 - 14) + -9
-63
Evaluate -114 - (0 + 8 + -23) - (-2 + (1 - -8)).
-106
Evaluate (-79 - -30) + -27 - ((1 - -9) + -5).
-81
9884 + -9904 - (2 + -1 + 16)
-37
(-7 - (48 + -46 - (1 + -2 - -2))) + 54
46
Evaluate (2 - 6) + (4 - (-58 - -11)).
47
Calculate (-86 - -44) + 18 - -47.
23
Evaluate -54 - (42 + (-50 - -6)).
-52
What is the value of 54 + (-12 - -8) - -27 - 4?
73
Evaluate -44 - (-28 - -28 - (6 + (-1 - -7))).
-32
Calculate -24 - ((-2 - 19 - -3) + 73 + (-110 - -50)).
-19
What is 4 + (0 + -4 - (192 - 217)) + 8?
33
What is the value of 73 + -30 + -63 + -43?
-63
Evaluate (110 - (-9 - ((11 - 9) + -22))) + -17.
82
(-823 - -714) + (76 - 0)
-33
What is 0 + (1 - (-13 - (-23 + 4 - (19 + -14))))?
-10
What is 27 + (14 - (-46 - -31))?
56
What is the value of 188 + -236 + (1 - -12) + (-1 - -4)?
-32
Calculate -13 + (-14 - 0 - (-22 + (15 - -5))).
-25
What is (-50 - -3 - -73) + 18?
44
Calculate -8 - -2 - (96 - 76 - 17).
-9
Evaluate 99 - (-6 + 73 - (-14 + 44)).
62
Calculate 1 + -42 + 31 + 6 + 0 + -18 + -4.
-26
Evaluate (16 - 0) + 10 + (2 - 146).
-118
What is the value of (-6 - (-12 - -5)) + -7 - (65 - 158)?
87
Evaluate 5 - (2 + (-7 - -12) + 23 + 15).
-40
What is (-51 - -16) + 44 + -47?
-38
25 - 0 - (193 + -155 - 21)
8
What is -6 + 6 + 4 - (-7 - -19) - 35?
-43
-3 + -58 + 7 + (19 - 5)
-40
Calculate -124 - -4 - (1 - (4 + -9) - (25 - 8)).
-109
-74 + (-34 - (73 + -165))
-16
What is the value of 68 + (-57 - (-24 - 1))?
36
What is the value of (1 - 44) + (617 - 633 - (-2 - 10))?
-47
What is the value of (-19 - (-23 - -5)) + 24 - -5?
28
Evaluate 193 - 203 - (3 + -2 + -2 + 1).
-10
-22 + 0 - (220 + -163 - 88)
9
What is the value of (4 - (-4 + -6)) + -11 + (16 - 16)?
3
Evaluate -65 - (3 + -1) - (97 - 38 - 76).
-50
30 + (16 + -135 - -63)
-26
What is 37 + -37 + 50 + -25?
25
Evaluate (3 - -6 - -67) + (6 - 0) + -15.
67
Calculate 56 - (10 + (-22 - (-6 + -4) - (-5 - -1))).
54
What is -45 + 14 + 36 + -29?
-24
Calculate 33 + (26 - 64) + (-2 + 4 - -7) + -48.
-44
What is 67 - (1840 - 1833 - ((-2 - -3) + 1))?
62
Evaluate (0 - -9 - 0 - (-17 + -14 + 31)) + 11.
20
What is the value of (-26 - (-133 + 26)) + -53?
28
What is (10 + -29 - 46) + (-19 - (-6 - 5))?
-73
What is 8 + 2 + 16 + (-37 - 28 - -47)?
8
What is the value of 15 + -2 + 0 + (-10 + 67 - (-125 - -144))?
51
8 